{"id":96,"date":"2021-06-09T08:16:12","date_gmt":"2021-06-09T08:16:12","guid":{"rendered":"https:\/\/shtheme.org\/demosd\/carly\/?page_id=96"},"modified":"2025-05-21T18:11:46","modified_gmt":"2025-05-21T18:11:46","slug":"services","status":"publish","type":"page","link":"https:\/\/annp.gov.py\/?page_id=96","title":{"rendered":"Services"},"content":{"rendered":"\t\t<div data-elementor-type=\"wp-page\" data-elementor-id=\"96\" class=\"elementor elementor-96\">\n\t\t\t\t\t\t<section class=\"elementor-section elementor-top-section elementor-element elementor-element-f9f53e5 elementor-section-full_width elementor-section-height-default elementor-section-height-default\" data-id=\"f9f53e5\" data-element_type=\"section\" data-e-type=\"section\">\n\t\t\t\t\t\t<div class=\"elementor-container elementor-column-gap-no\">\n\t\t\t\t\t<div class=\"elementor-column elementor-col-100 elementor-top-column elementor-element elementor-element-6c75b0a\" data-id=\"6c75b0a\" data-element_type=\"column\" data-e-type=\"column\">\n\t\t\t<div class=\"elementor-widget-wrap elementor-element-populated\">\n\t\t\t\t\t\t<div class=\"elementor-element elementor-element-e5c61ce elementor-align-left elementor-widget elementor-widget-bdevs-banner\" data-id=\"e5c61ce\" data-element_type=\"widget\" data-e-type=\"widget\" data-widget_type=\"bdevs-banner.default\">\n\t\t\t\t<div class=\"elementor-widget-container\">\n\t\t\t\t\t\t\t<!-- breadcrumb-area-start -->\n        <div class=\"breadcrumb-area pt-230 pb-200\" style=\"background-image:url(https:\/\/annp.gov.py\/wp-content\/uploads\/2023\/12\/fondo-1.png)\">\n            <div class=\"container\">\n                <div class=\"row\">\n                    <div class=\"col-xl-12\">\n                        <div class=\"breadcrumb-text text-center\">\n                            <h1>Nuestros Servicios<\/h1>\n                                                        <ul class=\"breadcrumb-menu\">\n                                <li><a href=\"https:\/\/annp.gov.py\/\">Inicio<\/a><\/li>\n                                <li><span>Servicios<\/span><\/li>\n                            <\/ul>\n                        \t                        <\/div>\n                    <\/div>\n                <\/div>\n            <\/div>\n        <\/div>\n\t\t\t\t\t<\/div>\n\t\t\t\t<\/div>\n\t\t\t\t\t<\/div>\n\t\t<\/div>\n\t\t\t\t\t<\/div>\n\t\t<\/section>\n\t\t\t\t<section class=\"elementor-section elementor-top-section elementor-element elementor-element-12184ed elementor-section-boxed elementor-section-height-default elementor-section-height-default\" data-id=\"12184ed\" data-element_type=\"section\" data-e-type=\"section\">\n\t\t\t\t\t\t<div class=\"elementor-container elementor-column-gap-default\">\n\t\t\t\t\t<div class=\"elementor-column elementor-col-25 elementor-top-column elementor-element elementor-element-7490e70\" data-id=\"7490e70\" data-element_type=\"column\" data-e-type=\"column\">\n\t\t\t<div class=\"elementor-widget-wrap elementor-element-populated\">\n\t\t\t\t\t\t<div class=\"elementor-element elementor-element-53dbc19 elementor-widget elementor-widget-image\" data-id=\"53dbc19\" data-element_type=\"widget\" data-e-type=\"widget\" data-widget_type=\"image.default\">\n\t\t\t\t<div class=\"elementor-widget-container\">\n\t\t\t\t\t\t\t\t\t\t\t\t\t\t\t<img fetchpriority=\"high\" decoding=\"async\" width=\"598\" height=\"566\" src=\"https:\/\/annp.gov.py\/wp-content\/uploads\/2023\/10\/Mapa-Py-Puertos-1-2.jpg\" class=\"attachment-large size-large wp-image-549\" alt=\"\" srcset=\"https:\/\/annp.gov.py\/wp-content\/uploads\/2023\/10\/Mapa-Py-Puertos-1-2.jpg 598w, https:\/\/annp.gov.py\/wp-content\/uploads\/2023\/10\/Mapa-Py-Puertos-1-2-300x284.jpg 300w\" sizes=\"(max-width: 598px) 100vw, 598px\" \/>\t\t\t\t\t\t\t\t\t\t\t\t\t\t\t<\/div>\n\t\t\t\t<\/div>\n\t\t\t\t\t<\/div>\n\t\t<\/div>\n\t\t\t\t<div class=\"elementor-column elementor-col-50 elementor-top-column elementor-element elementor-element-7ca0ce3\" data-id=\"7ca0ce3\" data-element_type=\"column\" data-e-type=\"column\">\n\t\t\t<div class=\"elementor-widget-wrap elementor-element-populated\">\n\t\t\t\t\t\t<div class=\"elementor-element elementor-element-e72ed0c elementor-widget elementor-widget-text-editor\" data-id=\"e72ed0c\" data-element_type=\"widget\" data-e-type=\"widget\" data-widget_type=\"text-editor.default\">\n\t\t\t\t<div class=\"elementor-widget-container\">\n\t\t\t\t\t\t\t\t\t<p>Como pioneros de los servicios portuarios en nuestro pa\u00eds, conjugamos tradici\u00f3n y visi\u00f3n de futuro sustentados en inversiones operativas para satisfacer la demanda en todas las sedes donde marcamos presencia, con adecuada infraestructura, maquinaria, agilidad y eficiencia,<br \/>con una ventaja fundamental en nuestra Ingenier\u00eda de costos para sus operaciones de Importaci\u00f3n y Exportaci\u00f3n.<br \/>Nuestros servicios garantizan la plena satisfacci\u00f3n de nuestros clientes.<\/p>\t\t\t\t\t\t\t\t<\/div>\n\t\t\t\t<\/div>\n\t\t\t\t\t<\/div>\n\t\t<\/div>\n\t\t\t\t<div class=\"elementor-column elementor-col-25 elementor-top-column elementor-element elementor-element-eaf86fc\" data-id=\"eaf86fc\" data-element_type=\"column\" data-e-type=\"column\">\n\t\t\t<div class=\"elementor-widget-wrap\">\n\t\t\t\t\t\t\t<\/div>\n\t\t<\/div>\n\t\t\t\t\t<\/div>\n\t\t<\/section>\n\t\t\t\t<section class=\"elementor-section elementor-top-section elementor-element elementor-element-f4e3b78 elementor-section-full_width elementor-section-height-default elementor-section-height-default\" data-id=\"f4e3b78\" data-element_type=\"section\" data-e-type=\"section\">\n\t\t\t\t\t\t<div class=\"elementor-container elementor-column-gap-no\">\n\t\t\t\t\t<div class=\"elementor-column elementor-col-100 elementor-top-column elementor-element elementor-element-6605fd2\" data-id=\"6605fd2\" data-element_type=\"column\" data-e-type=\"column\">\n\t\t\t<div class=\"elementor-widget-wrap elementor-element-populated\">\n\t\t\t\t\t\t<div class=\"elementor-element elementor-element-d4d9243 elementor-align-left elementor-widget elementor-widget-bdevs-services-03\" data-id=\"d4d9243\" data-element_type=\"widget\" data-e-type=\"widget\" data-widget_type=\"bdevs-services-03.default\">\n\t\t\t\t<div class=\"elementor-widget-container\">\n\t\t\t\t\t\t\t<div class=\"service-area pt-120 pb-90\" style=\"background-image: url();\">\r\n            <div class=\"container\">\r\n                <div class=\"row\">\r\n                    <div class=\"col-xl-6 col-lg-6 offset-lg-3 offset-xl-3\">\r\n                        <div class=\"section-title white-title text-center mb-90\">\r\n                                                                                <\/div>\r\n                    <\/div>\r\n                <\/div>\r\n                <div class=\"row\">\r\n                \t \r\n\t\t\t\t\t                    <div class=\"col-xl-3 col-lg-3 col-md-6\">\r\n                    \t\r\n                        <div class=\"service-box service-02-box mb-30 text-center\">\r\n                        \t<a href=\"\">\r\n\t                            <div class=\"services-icon\">\r\n\t                                <i class=\"fa fa-check\"><\/i>\r\n\t                            <\/div>\r\n\t                            <div class=\"services-text\">\r\n\t                                <h4>Almacenaje<\/h4>\r\n\t                                <p> <\/p>\r\n\t                            <\/div>\r\n                        \t<\/a>\r\n                        <\/div>\r\n                       \r\n                    <\/div>\r\n                    \t            \t \r\n\t\t\t\t\t                    <div class=\"col-xl-3 col-lg-3 col-md-6\">\r\n                    \t\r\n                        <div class=\"service-box service-02-box mb-30 text-center active\">\r\n                        \t<a href=\"\">\r\n\t                            <div class=\"services-icon\">\r\n\t                                <i class=\"fa fa-check\"><\/i>\r\n\t                            <\/div>\r\n\t                            <div class=\"services-text\">\r\n\t                                <h4>Eslingaje<\/h4>\r\n\t                                <p> <\/p>\r\n\t                            <\/div>\r\n\t                        <\/a>\r\n                        <\/div>\r\n                        \r\n                    <\/div>\r\n                \t\t            \t \r\n\t\t\t\t\t                    <div class=\"col-xl-3 col-lg-3 col-md-6\">\r\n                    \t\r\n                        <div class=\"service-box service-02-box mb-30 text-center\">\r\n                        \t<a href=\"\">\r\n\t                            <div class=\"services-icon\">\r\n\t                                <i class=\"fa fa-check\"><\/i>\r\n\t                            <\/div>\r\n\t                            <div class=\"services-text\">\r\n\t                                <h4>Manipuleo<\/h4>\r\n\t                                <p> <\/p>\r\n\t                            <\/div>\r\n                        \t<\/a>\r\n                        <\/div>\r\n                       \r\n                    <\/div>\r\n                    \t            \t \r\n\t\t\t\t\t                    <div class=\"col-xl-3 col-lg-3 col-md-6\">\r\n                    \t\r\n                        <div class=\"service-box service-02-box mb-30 text-center\">\r\n                        \t<a href=\"\">\r\n\t                            <div class=\"services-icon\">\r\n\t                                <i class=\"fa fa-check\"><\/i>\r\n\t                            <\/div>\r\n\t                            <div class=\"services-text\">\r\n\t                                <h4>Amarre<\/h4>\r\n\t                                <p> <\/p>\r\n\t                            <\/div>\r\n                        \t<\/a>\r\n                        <\/div>\r\n                       \r\n                    <\/div>\r\n                    \t            \t \r\n\t\t\t\t\t                    <div class=\"col-xl-3 col-lg-3 col-md-6\">\r\n                    \t\r\n                        <div class=\"service-box service-02-box mb-30 text-center\">\r\n                        \t<a href=\"\">\r\n\t                            <div class=\"services-icon\">\r\n\t                                <i class=\"fa fa-check\"><\/i>\r\n\t                            <\/div>\r\n\t                            <div class=\"services-text\">\r\n\t                                <h4>Desamarre<\/h4>\r\n\t                                <p> <\/p>\r\n\t                            <\/div>\r\n                        \t<\/a>\r\n                        <\/div>\r\n                       \r\n                    <\/div>\r\n                    \t            \t \r\n\t\t\t\t\t                    <div class=\"col-xl-3 col-lg-3 col-md-6\">\r\n                    \t\r\n                        <div class=\"service-box service-02-box mb-30 text-center\">\r\n                        \t<a href=\"\">\r\n\t                            <div class=\"services-icon\">\r\n\t                                <i class=\"fa fa-check\"><\/i>\r\n\t                            <\/div>\r\n\t                            <div class=\"services-text\">\r\n\t                                <h4>Consolidado<\/h4>\r\n\t                                <p> <\/p>\r\n\t                            <\/div>\r\n                        \t<\/a>\r\n                        <\/div>\r\n                       \r\n                    <\/div>\r\n                    \t            \t \r\n\t\t\t\t\t                    <div class=\"col-xl-3 col-lg-3 col-md-6\">\r\n                    \t\r\n                        <div class=\"service-box service-02-box mb-30 text-center\">\r\n                        \t<a href=\"\">\r\n\t                            <div class=\"services-icon\">\r\n\t                                <i class=\"fa fa-check\"><\/i>\r\n\t                            <\/div>\r\n\t                            <div class=\"services-text\">\r\n\t                                <h4>Desconsolidado<\/h4>\r\n\t                                <p> <\/p>\r\n\t                            <\/div>\r\n                        \t<\/a>\r\n                        <\/div>\r\n                       \r\n                    <\/div>\r\n                    \t            \t \r\n\t\t\t\t\t                    <div class=\"col-xl-3 col-lg-3 col-md-6\">\r\n                    \t\r\n                        <div class=\"service-box service-02-box mb-30 text-center\">\r\n                        \t<a href=\"\">\r\n\t                            <div class=\"services-icon\">\r\n\t                                <i class=\"fa fa-check\"><\/i>\r\n\t                            <\/div>\r\n\t                            <div class=\"services-text\">\r\n\t                                <h4>Acceso<\/h4>\r\n\t                                <p> <\/p>\r\n\t                            <\/div>\r\n                        \t<\/a>\r\n                        <\/div>\r\n                       \r\n                    <\/div>\r\n                    \t            \t \r\n\t\t\t\t\t                    <div class=\"col-xl-3 col-lg-3 col-md-6\">\r\n                    \t\r\n                        <div class=\"service-box service-02-box mb-30 text-center\">\r\n                        \t<a href=\"\">\r\n\t                            <div class=\"services-icon\">\r\n\t                                <i class=\"fa fa-check\"><\/i>\r\n\t                            <\/div>\r\n\t                            <div class=\"services-text\">\r\n\t                                <h4>Salida<\/h4>\r\n\t                                <p> <\/p>\r\n\t                            <\/div>\r\n                        \t<\/a>\r\n                        <\/div>\r\n                       \r\n                    <\/div>\r\n                    \t            \t \r\n\t\t\t\t\t                    <div class=\"col-xl-3 col-lg-3 col-md-6\">\r\n                    \t\r\n                        <div class=\"service-box service-02-box mb-30 text-center\">\r\n                        \t<a href=\"\">\r\n\t                            <div class=\"services-icon\">\r\n\t                                <i class=\"fa fa-check\"><\/i>\r\n\t                            <\/div>\r\n\t                            <div class=\"services-text\">\r\n\t                                <h4>Dragado<\/h4>\r\n\t                                <p> <\/p>\r\n\t                            <\/div>\r\n                        \t<\/a>\r\n                        <\/div>\r\n                       \r\n                    <\/div>\r\n                    \t            \t \r\n\t\t\t\t\t                    <div class=\"col-xl-3 col-lg-3 col-md-6\">\r\n                    \t\r\n                        <div class=\"service-box service-02-box mb-30 text-center\">\r\n                        \t<a href=\"\">\r\n\t                            <div class=\"services-icon\">\r\n\t                                <i class=\"fa fa-check\"><\/i>\r\n\t                            <\/div>\r\n\t                            <div class=\"services-text\">\r\n\t                                <h4>Servicios de estiba\/desestiba<\/h4>\r\n\t                                <p> <\/p>\r\n\t                            <\/div>\r\n                        \t<\/a>\r\n                        <\/div>\r\n                       \r\n                    <\/div>\r\n                    \t            \t                <\/div>\r\n            <\/div>\r\n        <\/div>\r\n\t\t\t\t\t<\/div>\n\t\t\t\t<\/div>\n\t\t\t\t\t<\/div>\n\t\t<\/div>\n\t\t\t\t\t<\/div>\n\t\t<\/section>\n\t\t\t\t<\/div>\n\t\t","protected":false},"excerpt":{"rendered":"<p>Nuestros Servicios Inicio Servicios Como pioneros de los servicios portuarios en nuestro pa\u00eds, conjugamos tradici\u00f3n y visi\u00f3n de futuro sustentados en inversiones operativas para satisfacer la demanda en todas las sedes donde marcamos presencia, con adecuada infraestructura, maquinaria, agilidad y eficiencia,con una ventaja fundamental en nuestra Ingenier\u00eda de costos para sus operaciones de Importaci\u00f3n y [&hellip;]<\/p>\n","protected":false},"author":2,"featured_media":0,"parent":0,"menu_order":0,"comment_status":"closed","ping_status":"closed","template":"page-templates\/home-1.php","meta":{"inline_featured_image":false,"footnotes":""},"class_list":["post-96","page","type-page","status-publish","hentry"],"_links":{"self":[{"href":"https:\/\/annp.gov.py\/index.php?rest_route=\/wp\/v2\/pages\/96","targetHints":{"allow":["GET"]}}],"collection":[{"href":"https:\/\/annp.gov.py\/index.php?rest_route=\/wp\/v2\/pages"}],"about":[{"href":"https:\/\/annp.gov.py\/index.php?rest_route=\/wp\/v2\/types\/page"}],"author":[{"embeddable":true,"href":"https:\/\/annp.gov.py\/index.php?rest_route=\/wp\/v2\/users\/2"}],"replies":[{"embeddable":true,"href":"https:\/\/annp.gov.py\/index.php?rest_route=%2Fwp%2Fv2%2Fcomments&post=96"}],"version-history":[{"count":26,"href":"https:\/\/annp.gov.py\/index.php?rest_route=\/wp\/v2\/pages\/96\/revisions"}],"predecessor-version":[{"id":2678,"href":"https:\/\/annp.gov.py\/index.php?rest_route=\/wp\/v2\/pages\/96\/revisions\/2678"}],"wp:attachment":[{"href":"https:\/\/annp.gov.py\/index.php?rest_route=%2Fwp%2Fv2%2Fmedia&parent=96"}],"curies":[{"name":"wp","href":"https:\/\/api.w.org\/{rel}","templated":true}]}}